{"id":2,"date":"2016-05-10T03:48:21","date_gmt":"2016-05-10T03:48:21","guid":{"rendered":"http:\/\/photonensammler.info\/?page_id=2"},"modified":"2020-03-04T10:26:19","modified_gmt":"2020-03-04T09:26:19","slug":"sample-page","status":"publish","type":"page","link":"https:\/\/photonensammler.info\/?page_id=2","title":{"rendered":"Wetter"},"content":{"rendered":"\n<p>Die Wettervorhersage f\u00fcr meine Heimatregion.<\/p>\n\n\n\n<p>\u00dcbrigens halte ich clearoutside.com f\u00fcr den genialsten Wetterdienst wenn man sich f\u00fcr Astroaufnahmen interessiert.  <\/p>\n\n\n\n<figure class=\"wp-block-image size-large is-resized\"><a href=\"https:\/\/clearoutside.com\/forecast\/50.37\/11.78\"><img data-recalc-dims=\"1\" loading=\"lazy\" decoding=\"async\" src=\"https:\/\/i0.wp.com\/clearoutside.com\/forecast_image_large\/50.37\/11.78\/forecast.png?resize=672%2C352&#038;ssl=1\" alt=\"\" width=\"672\" height=\"352\"\/><\/a><\/figure>\n","protected":false},"excerpt":{"rendered":"<p>Die Wettervorhersage f\u00fcr meine Heimatregion. \u00dcbrigens halte ich clearoutside.com f\u00fcr den genialsten Wetterdienst wenn man sich f\u00fcr Astroaufnahmen interessiert.<\/p>\n","protected":false},"author":1,"featured_media":0,"parent":0,"menu_order":0,"comment_status":"closed","ping_status":"open","template":"","meta":{"footnotes":""},"class_list":["post-2","page","type-page","status-publish","hentry"],"jetpack_sharing_enabled":true,"_links":{"self":[{"href":"https:\/\/photonensammler.info\/index.php?rest_route=\/wp\/v2\/pages\/2","targetHints":{"allow":["GET"]}}],"collection":[{"href":"https:\/\/photonensammler.info\/index.php?rest_route=\/wp\/v2\/pages"}],"about":[{"href":"https:\/\/photonensammler.info\/index.php?rest_route=\/wp\/v2\/types\/page"}],"author":[{"embeddable":true,"href":"https:\/\/photonensammler.info\/index.php?rest_route=\/wp\/v2\/users\/1"}],"replies":[{"embeddable":true,"href":"https:\/\/photonensammler.info\/index.php?rest_route=%2Fwp%2Fv2%2Fcomments&post=2"}],"version-history":[{"count":2,"href":"https:\/\/photonensammler.info\/index.php?rest_route=\/wp\/v2\/pages\/2\/revisions"}],"predecessor-version":[{"id":51,"href":"https:\/\/photonensammler.info\/index.php?rest_route=\/wp\/v2\/pages\/2\/revisions\/51"}],"wp:attachment":[{"href":"https:\/\/photonensammler.info\/index.php?rest_route=%2Fwp%2Fv2%2Fmedia&parent=2"}],"curies":[{"name":"wp","href":"https:\/\/api.w.org\/{rel}","templated":true}]}}